List the prime factors of 754.
2, 13, 29
What are the prime factors of 6091?
6091
List the prime factors of 55632.
2, 3, 19, 61
What are the prime factors of 886?
2, 443
List the prime factors of 120778.
2, 7, 8627
What are the prime factors of 38542?
2, 7, 2753
List the prime factors of 63827.
83, 769
List the prime factors of 7633.
17, 449
What are the prime factors of 3133?
13, 241
What are the prime factors of 9089?
61, 149
List the prime factors of 442.
2, 13, 17
List the prime factors of 6993.
3, 7, 37
List the prime factors of 747.
3, 83
List the prime factors of 7333.
7333
List the prime factors of 58405.
5, 11681
What are the prime factors of 23607?
3, 43, 61
List the prime factors of 4635.
3, 5, 103
List the prime factors of 9170.
2, 5, 7, 131
List the prime factors of 21986.
2, 10993
List the prime factors of 123.
3, 41
List the prime factors of 725.
5, 29
What are the prime factors of 556?
2, 139
What are the prime factors of 24370?
2, 5, 2437
What are the prime factors of 2505?
3, 5, 167
What are the prime factors of 55595?
5, 11119
What are the prime factors of 103236?
2, 3, 7, 1229
List the prime factors of 764.
2, 191
List the prime factors of 4605.
3, 5, 307
What are the prime factors of 1219?
23, 53
List the prime factors of 1823.
1823
What are the prime factors of 1820?
2, 5, 7, 13
What are the prime factors of 15250?
2, 5, 61
What are the prime factors of 1701?
3, 7
What are the prime factors of 7370?
2, 5, 11, 67
What are the prime factors of 33130?
2, 5, 3313
List the prime factors of 581.
7, 83
What are the prime factors of 817?
19, 43
List the prime factors of 7140.
2, 3, 5, 7, 17
List the prime factors of 270.
2, 3, 5
What are the prime factors of 6817?
17, 401
List the prime factors of 136.
2, 17
What are the prime factors of 5781?
3, 41, 47
List the prime factors of 1470.
2, 3, 5, 7
List the prime factors of 58824.
2, 3, 19, 43
List the prime factors of 52579.
52579
What are the prime factors of 1300?
2, 5, 13
What are the prime factors of 1269?
3, 47
List the prime factors of 1628.
2, 11, 37
List the prime factors of 2482.
2, 17, 73
List the prime factors of 7771.
19, 409
List the prime factors of 6724.
2, 41
List the prime factors of 83867.
7, 11981
What are the prime factors of 401?
401
What are the prime factors of 6262?
2, 31, 101
List the prime factors of 132794.
2, 67, 991
List the prime factors of 19002.
2, 3, 3167
What are the prime factors of 51201?
3, 5689
What are the prime factors of 1137?
3, 379
List the prime factors of 988.
2, 13, 19
List the prime factors of 5027.
11, 457
What are the prime factors of 5220?
2, 3, 5, 29
List the prime factors of 676.
2, 13
List the prime factors of 51507.
3, 59, 97
List the prime factors of 16570.
2, 5, 1657
What are the prime factors of 3463?
3463
List the prime factors of 27184.
2, 1699
What are the prime factors of 11896?
2, 1487
List the prime factors of 185.
5, 37
What are the prime factors of 531?
3, 59
What are the prime factors of 4469?
41, 109
List the prime factors of 13228.
2, 3307
What are the prime factors of 1397?
11, 127
List the prime factors of 355.
5, 71
List the prime factors of 21222.
2, 3, 131
What are the prime factors of 10608?
2, 3, 13, 17
List the prime factors of 8004.
2, 3, 23, 29
List the prime factors of 91031.
29, 43, 73
List the prime factors of 4113.
3, 457
What are the prime factors of 7658?
2, 7, 547
What are the prime factors of 1293?
3, 431
What are the prime factors of 236?
2, 59
List the prime factors of 846.
2, 3, 47
List the prime factors of 26372.
2, 19, 347
List the prime factors of 55499.
19, 23, 127
What are the prime factors of 1293?
3, 431
List the prime factors of 32391.
3, 59, 61
List the prime factors of 2315.
5, 463
What are the prime factors of 75?
3, 5
List the prime factors of 13184.
2, 103
What are the prime factors of 34202?
2, 7, 349
What are the prime factors of 12218?
2, 41, 149
What are the prime factors of 12839?
37, 347
List the prime factors of 5354.
2, 2677
List the prime factors of 57230.
2, 5, 59, 97
List the prime factors of 3426.
2, 3, 571
What are the prime factors of 10647?
3, 7, 13
What are the prime factors of 42453?
3, 53, 89
List the prime factors of 47451.
3, 15817
List the prime factors of 7942.
2, 11, 19
What are the prime factors of 1099?
7, 157
What are the prime factors of 16003?
13, 1231
What are the prime factors of 5198?
2, 23, 113
What are the prime factors of 88829?
13, 6833
List the prime factors of 2791.
2791
List the prime factors of 2512.
2, 157
List the prime factors of 2570.
2, 5, 257
What are the prime factors of 6992?
2, 19, 23
List the prime factors of 1090.
2, 5, 109
List the prime factors of 27045.
3, 5, 601
What are the prime factors of 1702?
2, 23, 37
What are the prime factors of 574?
2, 7, 41
List the prime factors of 1694.
2, 7, 11
List the prime factors of 35296.
2, 1103
List the prime factors of 83835.
3, 5, 23
What are the prime factors of 14545?
5, 2909
What are the prime factors of 1661?
11, 151
What are the prime factors of 40654?
2, 20327
List the prime factors of 159569.
159569
List the prime factors of 534.
2, 3, 89
What are the prime factors of 2944?
2, 23
What are the prime factors of 1669?
1669
What are the prime factors of 3393?
3, 13, 29
What are the prime factors of 568?
2, 71
What are the prime factors of 53346?
2, 3, 17, 523
What are the prime factors of 9475?
5, 379
List the prime factors of 2312.
2, 17
What are the prime factors of 23979?
3, 7993
What are the prime factors of 3968?
2, 31
What are the prime factors of 1533?
3, 7, 73
What are the prime factors of 6588?
2, 3, 61
List the prime factors of 7089.
3, 17, 139
List the prime factors of 16867.
101, 167
List the prime factors of 47930.
2, 5, 4793
List the prime factors of 91604.
2, 22901
What are the prime factors of 5136?
2, 3, 107
List the prime factors of 19506.
2, 3, 3251
What are the prime factors of 41446?
2, 17, 23, 53
What are the prime factors of 109645?
5, 21929
List the prime factors of 4004.
2, 7, 11, 13
What are the prime factors of 1742?
2, 13, 67
List the prime factors of 23195.
5, 4639
What are the prime factors of 45311?
7, 6473
What are the prime factors of 17995?
5, 59, 61
List the prime factors of 736.
2, 23
What are the prime factors of 24041?
29, 829
List the prime factors of 17921.
17921
List the prime factors of 8150.
2, 5, 163
List the prime factors of 77887.
71, 1097
List the prime factors of 13165.
5, 2633
List the prime factors of 11125.
5, 89
List the prime factors of 20362.
2, 10181
What are the prime factors of 1043?
7, 149
What are the prime factors of 1825?
5, 73
List the prime factors of 691.
691
List the prime factors of 295.
5, 59
List the prime factors of 2362.
2, 1181
List the prime factors of 13000.
2, 5, 13
List the prime factors of 20710.
2, 5, 19, 109
What are the prime factors of 39332?
2, 9833
What are the prime factors of 1242?
2, 3, 23
List the prime factors of 47659.
47659
List the prime factors of 197834.
2, 7, 13, 1087
What are the prime factors of 1349?
19, 71
What are the prime factors of 112672?
2, 7, 503
List the prime factors of 48798.
2, 3, 2711
What are the prime factors of 89?
89
List the prime factors of 1054.
2, 17, 31
List the prime factors of 21717.
3, 19, 127
List the prime factors of 143043.
3, 47681
List the prime factors of 31325.
5, 7, 179
What are the prime factors of 40313?
7, 13, 443
What are the prime factors of 3936?
2, 3, 41
List the prime factors of 1792.
2, 7
List the prime factors of 2080.
2, 5, 13
What are the prime factors of 17741?
113, 157
What are the prime factors of 1358?
2, 7, 97
List the prime factors of 7710.
2, 3, 5, 257
What are the prime factors of 2371?
2371
What are the prime factors of 19946?
2, 9973
What are the prime factors of 3049?
3049
What are the prime factors of 10961?
97, 113
What are the prime factors of 74082?
2, 3, 12347
What are the prime factors of 123137?
7, 359
What are the prime factors of 1692?
2, 3, 47
What are the prime factors of 1833?
3, 13, 47
List the prime factors of 7939.
17, 467
What are the prime factors of 1872?
2, 3, 13
What are the prime factors of 154430?
2, 5, 15443
List the prime factors of 47435.
5, 53, 179
What are the prime factors of 2988?
2, 3, 83
What are the pr